7 prime?
True
Is 8890327 a composite number?
True
Is 21924767 prime?
True
Is 44981 a composite number?
True
Is 9324173 a prime number?
True
Is 196347779 a composite number?
False
Is 7621539 composite?
True
Is 13886783 composite?
False
Is 59141833 composite?
True
Is 7187255 a prime number?
False
Is 19246729 a prime number?
True
Is 26708711 prime?
False
Is 4070813 composite?
False
Is 22170331 prime?
True
Is 26366581 a composite number?
False
Is 6848789 a composite number?
False
Is 134524849 a prime number?
True
Is 25298969 composite?
False
Is 25064661 a prime number?
False
Is 240289013 a prime number?
False
Is 1596151 prime?
False
Is 4166857 a composite number?
True
Is 247606921 a prime number?
False
Is 545537 a composite number?
True
Is 8098609 a composite number?
True
Is 40685087 composite?
True
Is 14076137 composite?
True
Is 48851626 prime?
False
Is 6843703 prime?
True
Is 32001049 prime?
False
Is 360599105 a composite number?
True
Is 5036741 a composite number?
False
Is 60360023 prime?
False
Is 289507385 a composite number?
True
Is 2791927 prime?
False
Is 66325521 composite?
True
Is 72838139 a prime number?
False
Is 27573127 a prime number?
True
Is 41337239 a prime number?
True
Is 175949 prime?
True
Is 38927611 composite?
False
Is 347029537 prime?
True
Is 198426821 composite?
True
Is 11269243 a composite number?
False
Is 296437 composite?
False
Is 166153 composite?
True
Is 10280717 a prime number?
True
Is 77398781 a composite number?
False
Is 916117 composite?
True
Is 49099213 a composite number?
True
Is 2989409 prime?
True
Is 1411469 composite?
True
Is 3891287 a composite number?
False
Is 47077469 a composite number?
True
Is 4697201 composite?
False
Is 163061 a prime number?
True
Is 9034471 composite?
False
Is 3787019 a composite number?
True
Is 26687123 composite?
True
Is 90607873 a prime number?
True
Is 37257437 a composite number?
True
Is 5650259 prime?
False
Is 12560069 a composite number?
False
Is 992134597 a composite number?
True
Is 20171821 prime?
False
Is 821945333 prime?
False
Is 1245554 a composite number?
True
Is 269327 a prime number?
True
Is 29406421 a composite number?
True
Is 18767114 a composite number?
True
Is 4201169 prime?
False
Is 710257 a composite number?
False
Is 83620297 composite?
True
Is 656113 a prime number?
True
Is 27935821 a composite number?
False
Is 56831 a prime number?
False
Is 109224449 a prime number?
False
Is 5976994 a composite number?
True
Is 78220189 a prime number?
False
Is 44640745 prime?
False
Is 147861721 a prime number?
False
Is 40319263 a composite number?
True
Is 6450995 a prime number?
False
Is 107671 composite?
False
Is 356942137 prime?
False
Is 8087033 a composite number?
True
Is 4687543 composite?
True
Is 15572197 a composite number?
False
Is 2033117 composite?
True
Is 227699923 prime?
False
Is 11973431 a composite number?
False
Is 11307917 a composite number?
True
Is 18810553 composite?
True
Is 67150537 a composite number?
False
Is 412019 a prime number?
True
Is 24437639 composite?
True
Is 1294957 composite?
False
Is 4473233 composite?
True
Is 6619127 a composite number?
True
Is 747559 a prime number?
False
Is 113719603 composite?
True
Is 48147265 composite?
True
Is 5328317 a prime number?
True
Is 288241171 composite?
True
Is 2169721 prime?
False
Is 54035557 a composite number?
True
Is 43759333 composite?
False
Is 308639 prime?
True
Is 39585127 a prime number?
False
Is 380330471 composite?
True
Is 14166059 composite?
False
Is 1231503611 prime?
False
Is 30717983 a prime number?
True
Is 732911 a prime number?
True
Is 16495967 prime?
False
Is 44670779 a prime number?
True
Is 185901 a prime number?
False
Is 1858723 composite?
True
Is 3614097 a composite number?
True
Is 1405403 composite?
False
Is 7299683 a composite number?
True
Is 9677803 a composite number?
False
Is 74191699 a composite number?
False
Is 60298613 composite?
False
Is 715338241 composite?
True
Is 29236351 composite?
True
Is 58857727 composite?
False
Is 1507133 prime?
False
Is 2390363 a prime number?
False
Is 18187913 a composite number?
False
Is 31719749 composite?
False
Is 115141903 prime?
True
Is 3464759 composite?
True
Is 45275857 composite?
True
Is 18453079 prime?
True
Is 7611661 prime?
True
Is 834563 a composite number?
True
Is 2545051 a prime number?
False
Is 51922337 a prime number?
False
Is 192627349 prime?
False
Is 245544877 composite?
True
Is 8299453 a composite number?
False
Is 20659399 composite?
True
Is 155938889 composite?
False
Is 2385061 composite?
True
Is 27568003 composite?
True
Is 128333669 a prime number?
True
Is 14053294 a prime number?
False
Is 337693519 composite?
True
Is 209994727 a composite number?
True
Is 8758537 a composite number?
False
Is 160686463 prime?
False
Is 11381561 a prime number?
True
Is 74328751 a composite number?
True
Is 34217137 a prime number?
True
Is 47763757 prime?
True
Is 101737 a prime number?
True
Is 1433255 a composite number?
True
Is 391553 a composite number?
False
Is 39370459 prime?
True
Is 44601407 a composite number?
False
Is 140616103 a prime number?
False
Is 5693959 a composite number?
False
Is 3543893 a composite number?
False
Is 388272813 composite?
True
Is 172770941 composite?
True
Is 145209617 composite?
True
Is 268934923 prime?
False
Is 13480799 a prime number?
True
Is 7943167 a composite number?
False
Is 3157981 a prime number?
True
Is 19343377 composite?
True
Is 18388273 prime?
True
Is 449851 a prime number?
True
Is 4439053 composite?
True
Is 24319567 a prime number?
False
Is 26528363 a composite number?
False
Is 75062215 a prime number?
False
Is 1382323 a prime number?
False
Is 96807103 a composite number?
True
Is 3138991 prime?
True
Is 8278999 a composite number?
False
Is 652630441 a prime number?
True
Is 20986333 a prime number?
True
Is 11744353 prime?
True
Is 167291 a prime number?
False
Is 91508633 a prime number?
True
Is 149021653 a composite number?
True
Is 512333 composite?
False
Is 20831329 composite?
True
Is 655339 a prime number?
False
Is 20130079 prime?
True
Is 10235879 prime?
False
Is 2441801 a prime number?
True
Is 22789289 a prime number?
False
Is 356784607 a prime number?
False
Is 3232729 prime?
True
Is 956346421 a prime number?
True
Is 4016069 a prime number?
False
Is 143212217 a composite number?
True
Is 308074589 composite?
False
Is 6591703 prime?
False
Is 14369647 prime?
False
Is 1174709 composite?
False
Is 49913459 composite?
True
Is 142569717 a prime number?
False
Is 15115553 composite?
True
Is 29770382 a prime number?
False
Is 9160241 a composite number?
False
Is 10165633 prime?
True
Is 906089 prime?
True
Is 4130149 prime?
True
Is 420191 prime?
True
Is 129582179 a composite number?
True
Is 192187 prime?
True
Is 8200619 composite?
True
Is 413 composite?
True
Is 32364949 a prime number?
False
Is 13853803 prime?
False
Is 100660759 a prime number?
True
Is 188246381 a prime number?
True
Is 24522753 prime?
False
Is 1477903 prime?
False
Is 5155303 prime?
False
Is 2736043 a prime number?
True
Is 15073043 a composite number?
False
Is 569717 a composite number?
False
Is 77955221 prime?
False
Is 26047487 a prime number?
True
Is 1572447 composite?
True
Is 69233533 a prime number?
True
Is 560033 prime?
False
Is 461093 a prime number?
True
Is 95725387 a prime number?
False
Is 156766097 a prime number?
True
Is 72986597 composite?
False
Is 35184605 a composite number?
True
Is 476132929 prime?
True
Is 12845341 prime?
False
Is 204906371 a prime number?
True
Is 18802279 a composite number?
False
Is 6369101 composite?
True
Is 260146919 composite?
True
Is 2858638 a prime number?
False
Is 416477861 a prime number?
True
Is 105089609 prime?
True
Is 1035791 prime?
True
Is 3678449 a prime number?
False
Is 722770931 prime?
False
Is 1703137 prime?
False
Is 47581 a composite number?
False
Is 32805367 a prime number?
False
Is 17752463 composite?
False
Is 8885377 a composite number?
False
Is 10224061 composite?
False
Is 36113177 a composite number?
False
Is 14876273 prime?
True
Is 526517 prime?
False
Is 17049143 a composite number?
False
Is 210547 composite?
True
Is 4767478 prime?
False
Is 136096991 a composite number?
False
Is 25616441 a prime number?
False
Is 6864967 a composite number?
True
Is 141245059 prime?
True
Is 2207809 a prime number?
False
Is 310453289 a co